{"id":69,"date":"2019-01-03T12:32:45","date_gmt":"2019-01-03T12:32:45","guid":{"rendered":"http:\/\/integralepito.web2.vhost.hu\/?page_id=69"},"modified":"2024-11-03T21:07:21","modified_gmt":"2024-11-03T21:07:21","slug":"dolgozoink","status":"publish","type":"page","link":"http:\/\/integralepito.hu\/index.php\/dolgozoink\/","title":{"rendered":"Munkat\u00e1rsaink"},"content":{"rendered":"\n<figure class=\"wp-block-image\"><img fetchpriority=\"high\" decoding=\"async\" width=\"390\" height=\"285\" src=\"http:\/\/integralepito.hu\/wp-content\/uploads\/2022\/10\/Bpk\u00e9p.jpg\" alt=\"\" class=\"wp-image-1859\" srcset=\"http:\/\/integralepito.hu\/wp-content\/uploads\/2022\/10\/Bpk\u00e9p.jpg 390w, http:\/\/integralepito.hu\/wp-content\/uploads\/2022\/10\/Bpk\u00e9p-300x219.jpg 300w\" sizes=\"(max-width: 390px) 100vw, 390px\" \/><\/figure>\n\n\n\n<p class=\"has-text-align-center has-very-dark-gray-color has-text-color has-background\" style=\"background-color:#bae0f5\"><strong>B\u0151di P\u00e9ter Vez\u00e9rigazgat\u00f3   <a href=\"mailto:bodipeter@integralepito.hu\">bodipeter@integralepito.hu&nbsp;<\/a><\/strong><\/p>\n\n\n\n<figure class=\"wp-block-image is-resized\"><img decoding=\"async\" width=\"180\" height=\"236\" src=\"http:\/\/integralepito.hu\/wp-content\/uploads\/2022\/10\/eln\u00f6k-1.jpg\" alt=\"\" class=\"wp-image-1597\" style=\"width:262px;height:344px\"\/><\/figure>\n\n\n\n<p class=\"has-text-align-center has-very-dark-gray-color has-text-color has-background\" style=\"background-color:#bae0f5\"><strong>B\u0151di J\u00e1nos Alap\u00edt\u00f3, tulajdonos , m\u0171eml\u00e9ki felel\u0151s m\u0171szaki vezet\u0151  <\/strong><\/p>\n\n\n\n<figure class=\"wp-block-image is-resized\"><img decoding=\"async\" width=\"160\" height=\"160\" src=\"http:\/\/integralepito.hu\/wp-content\/uploads\/2022\/10\/Anita-2.jpg\" alt=\"\" class=\"wp-image-1625\" style=\"width:269px;height:269px\" srcset=\"http:\/\/integralepito.hu\/wp-content\/uploads\/2022\/10\/Anita-2.jpg 160w, http:\/\/integralepito.hu\/wp-content\/uploads\/2022\/10\/Anita-2-150x150.jpg 150w\" sizes=\"(max-width: 160px) 100vw, 160px\" \/><\/figure>\n\n\n\n<p class=\"has-text-align-center has-very-dark-gray-color has-text-color has-background\" style=\"background-color:#bae0f5\"><strong>Kriska\u00a0Anita<\/strong><br><strong><span style=\"color: #191e23;\"><span style=\"background-color: #e8eaeb;\">Gazdas\u00e1gi vezet\u0151 f\u0151k\u00f6nyvel\u0151<\/span><\/span> \u00a0\u00a0 <\/strong><\/p>\n\n\n\n<figure class=\"wp-block-image is-resized\"><img loading=\"lazy\" decoding=\"async\" width=\"239\" height=\"305\" src=\"http:\/\/integralepito.hu\/wp-content\/uploads\/2022\/10\/EpvezI-1.jpg\" alt=\"\" class=\"wp-image-1611\" style=\"width:260px;height:332px\" srcset=\"http:\/\/integralepito.hu\/wp-content\/uploads\/2022\/10\/EpvezI-1.jpg 239w, http:\/\/integralepito.hu\/wp-content\/uploads\/2022\/10\/EpvezI-1-235x300.jpg 235w\" sizes=\"(max-width: 239px) 100vw, 239px\" \/><\/figure>\n\n\n\n<p class=\"has-text-align-center has-very-dark-gray-color has-text-color has-background\" style=\"background-color:#bae0f5\"><strong>Asz\u00f3di Imre <\/strong> <br><strong>\u00c9p\u00edt\u00e9svezet\u0151, magas, m\u00e9ly \u00e9s \u00fat\u00e9p\u00edt\u00e9si felel\u0151s m\u0171szaki vezet\u0151<\/strong> <strong>&nbsp;&nbsp;     06 30 9 223 603&nbsp;&nbsp; <\/strong><a href=\"mailto:aszodiimre@integralepito.hu\"><strong>aszodiimre@integralepito.hu<\/strong><\/a><\/p>\n\n\n\n<figure class=\"wp-block-image is-resized\"><img loading=\"lazy\" decoding=\"async\" width=\"223\" height=\"270\" src=\"http:\/\/integralepito.hu\/wp-content\/uploads\/2022\/10\/EpvezC-1.jpg\" alt=\"\" class=\"wp-image-1612\" style=\"width:314px;height:380px\"\/><\/figure>\n\n\n\n<p class=\"has-text-align-center has-very-dark-gray-color has-text-color has-background\" style=\"background-color:#bae0f5\"><strong>B\u00e9ni Csaba \u00c9p\u00edt\u00e9svezet\u0151, magas \u00e9s m\u00e9ly\u00e9p\u00edt\u00e9si felel\u0151s m\u0171szaki vezet\u0151  06 30 9 413 81 44  <a href=\"mailto:benicsaba@integralepito.hu\">benicsaba@integralepito.hu<\/a><\/strong><\/p>\n\n\n\n<figure class=\"wp-block-image is-resized\"><img loading=\"lazy\" decoding=\"async\" width=\"217\" height=\"289\" src=\"http:\/\/integralepito.hu\/wp-content\/uploads\/2022\/10\/muszelok.jpg\" alt=\"\" class=\"wp-image-1613\" style=\"width:310px;height:413px\"\/><\/figure>\n\n\n\n<p class=\"has-text-align-center has-very-dark-gray-color has-text-color has-background\" style=\"background-color:#bae0f5\"><strong>Bencsikn\u00e9 Kurucz Kl\u00e1ra M\u0171szaki el\u0151k\u00e9sz\u00edt\u0151     <\/strong><a href=\"mailto:Integral@szarvas.hu\"><strong>Integral@szarvas.hu<\/strong><\/a><\/p>\n\n\n\n<figure class=\"wp-block-image is-resized\"><img loading=\"lazy\" decoding=\"async\" width=\"768\" height=\"1024\" src=\"http:\/\/integralepito.hu\/wp-content\/uploads\/2022\/10\/DaridaZsolt-2-e1581942767239-768x1024-768x1024.jpg\" alt=\"\" class=\"wp-image-1620\" style=\"width:326px;height:434px\" srcset=\"http:\/\/integralepito.hu\/wp-content\/uploads\/2022\/10\/DaridaZsolt-2-e1581942767239-768x1024.jpg 768w, http:\/\/integralepito.hu\/wp-content\/uploads\/2022\/10\/DaridaZsolt-2-e1581942767239-768x1024-225x300.jpg 225w\" sizes=\"(max-width: 768px) 100vw, 768px\" \/><\/figure>\n\n\n\n<p class=\"has-text-align-center has-very-dark-gray-color has-text-color has-background\" style=\"background-color:#bae0f5\"><strong>Darida Zsolt  M\u0171szaki Vezet\u0151 06 30 2 190 374&nbsp;&nbsp;&nbsp;<\/strong><a href=\"mailto:kasikbela@integralepito.hu\"><strong>daridazsolt@integralepito.hu<\/strong><\/a><strong> <\/strong><\/p>\n\n\n\n<figure class=\"wp-block-image\"><img loading=\"lazy\" decoding=\"async\" width=\"300\" height=\"300\" src=\"http:\/\/integralepito.hu\/wp-content\/uploads\/2022\/10\/\u00c1gi-300x300.jpg\" alt=\"\" class=\"wp-image-1860\" srcset=\"http:\/\/integralepito.hu\/wp-content\/uploads\/2022\/10\/\u00c1gi-300x300.jpg 300w, http:\/\/integralepito.hu\/wp-content\/uploads\/2022\/10\/\u00c1gi-150x150.jpg 150w, http:\/\/integralepito.hu\/wp-content\/uploads\/2022\/10\/\u00c1gi-768x769.jpg 768w, http:\/\/integralepito.hu\/wp-content\/uploads\/2022\/10\/\u00c1gi-1024x1024.jpg 1024w, http:\/\/integralepito.hu\/wp-content\/uploads\/2022\/10\/\u00c1gi.jpg 1439w\" sizes=\"(max-width: 300px) 100vw, 300px\" \/><\/figure>\n\n\n\n<p class=\"has-text-align-center has-very-dark-gray-color has-text-color has-background\" style=\"background-color:#bae0f5\"><strong>Sztvorecz \u00c1gnes Munka\u00fcgyi el\u0151ad\u00f3     <a href=\"mailto:sztvoreczagnes@integralepito.hu\">sztvoreczagnes@integralepito.hu<\/a><\/strong><\/p>\n\n\n\n<p class=\"has-text-align-center has-very-dark-gray-color has-pale-cyan-blue-background-color has-text-color has-background\"><strong>Putnoki L\u00e1szl\u00f3 \u00c1cs m\u0171vezet\u0151  06 30 8 152 458     <\/strong><\/p>\n\n\n\n<figure class=\"wp-block-image\"><img loading=\"lazy\" decoding=\"async\" width=\"300\" height=\"300\" src=\"http:\/\/integralepito.hu\/wp-content\/uploads\/2022\/10\/67227761_106969563976483_7280916680023212032_n-300x300.jpg\" alt=\"\" class=\"wp-image-1861\" srcset=\"http:\/\/integralepito.hu\/wp-content\/uploads\/2022\/10\/67227761_106969563976483_7280916680023212032_n-300x300.jpg 300w, http:\/\/integralepito.hu\/wp-content\/uploads\/2022\/10\/67227761_106969563976483_7280916680023212032_n-150x150.jpg 150w, http:\/\/integralepito.hu\/wp-content\/uploads\/2022\/10\/67227761_106969563976483_7280916680023212032_n-768x770.jpg 768w, http:\/\/integralepito.hu\/wp-content\/uploads\/2022\/10\/67227761_106969563976483_7280916680023212032_n-1021x1024.jpg 1021w, http:\/\/integralepito.hu\/wp-content\/uploads\/2022\/10\/67227761_106969563976483_7280916680023212032_n.jpg 2010w\" sizes=\"(max-width: 300px) 100vw, 300px\" \/><\/figure>\n\n\n\n<p class=\"has-text-align-center has-very-dark-gray-color has-pale-cyan-blue-background-color has-text-color has-background\"><strong>Hipszki J\u00e1nos  Lakatos m\u0171vezet\u0151  06 30 8 152 457 <\/strong> <\/p>\n\n\n\n<figure class=\"wp-block-image is-resized\"><img loading=\"lazy\" decoding=\"async\" width=\"221\" height=\"279\" src=\"http:\/\/integralepito.hu\/wp-content\/uploads\/2022\/10\/badog.jpg\" alt=\"\" class=\"wp-image-1614\" style=\"width:322px;height:407px\"\/><\/figure>\n\n\n\n<p class=\"has-text-align-center has-very-dark-gray-color has-text-color has-background\" style=\"background-color:#bae0f5\"><strong>Kriska J\u00e1nos  B\u00e1dogos m\u0171vezet\u0151  06 30 3 847 548 <\/strong> <\/p>\n\n\n\n<figure class=\"wp-block-image is-resized\"><img loading=\"lazy\" decoding=\"async\" width=\"367\" height=\"480\" src=\"http:\/\/integralepito.hu\/wp-content\/uploads\/2022\/10\/received_1042225499489321.jpeg\" alt=\"\" class=\"wp-image-1615\" style=\"width:330px;height:432px\" srcset=\"http:\/\/integralepito.hu\/wp-content\/uploads\/2022\/10\/received_1042225499489321.jpeg 367w, http:\/\/integralepito.hu\/wp-content\/uploads\/2022\/10\/received_1042225499489321-229x300.jpeg 229w\" sizes=\"(max-width: 367px) 100vw, 367px\" \/><\/figure>\n\n\n\n<p class=\"has-text-align-center has-very-dark-gray-color has-text-color has-background\" style=\"background-color:#bae0f5\"><strong>Durda Zsolt Asztalos m\u0171vezet\u0151 06 30 4 024 700 <\/strong><\/p>\n\n\n\n<p class=\"has-text-align-center has-very-dark-gray-color has-text-color has-background\" style=\"background-color:#bae0f5\"><strong>Kov\u00e1cs Tibor  Fest\u0151 m\u0171vezet\u0151  06 30 8 152 459 <\/strong> <\/p>\n","protected":false},"excerpt":{"rendered":"<p>B\u0151di P\u00e9ter Vez\u00e9rigazgat\u00f3 bodipeter@integralepito.hu&nbsp; B\u0151di J\u00e1nos Alap\u00edt\u00f3, tulajdonos , m\u0171eml\u00e9ki felel\u0151s m\u0171szaki vezet\u0151 Kriska\u00a0AnitaGazdas\u00e1gi vezet\u0151 f\u0151k\u00f6nyvel\u0151 \u00a0\u00a0 Asz\u00f3di Imre \u00c9p\u00edt\u00e9svezet\u0151, magas, m\u00e9ly \u00e9s \u00fat\u00e9p\u00edt\u00e9si felel\u0151s m\u0171szaki vezet\u0151 &nbsp;&nbsp; 06 30 9 223 603&nbsp;&nbsp; aszodiimre@integralepito.hu B\u00e9ni Csaba \u00c9p\u00edt\u00e9svezet\u0151, magas \u00e9s m\u00e9ly\u00e9p\u00edt\u00e9si felel\u0151s m\u0171szaki vezet\u0151 06 30 9 413 81 44 benicsaba@integralepito.hu&#8230;<\/p>\n","protected":false},"author":1,"featured_media":0,"parent":0,"menu_order":0,"comment_status":"closed","ping_status":"closed","template":"","meta":{"footnotes":""},"class_list":["post-69","page","type-page","status-publish","hentry"],"_links":{"self":[{"href":"http:\/\/integralepito.hu\/index.php\/wp-json\/wp\/v2\/pages\/69","targetHints":{"allow":["GET"]}}],"collection":[{"href":"http:\/\/integralepito.hu\/index.php\/wp-json\/wp\/v2\/pages"}],"about":[{"href":"http:\/\/integralepito.hu\/index.php\/wp-json\/wp\/v2\/types\/page"}],"author":[{"embeddable":true,"href":"http:\/\/integralepito.hu\/index.php\/wp-json\/wp\/v2\/users\/1"}],"replies":[{"embeddable":true,"href":"http:\/\/integralepito.hu\/index.php\/wp-json\/wp\/v2\/comments?post=69"}],"version-history":[{"count":45,"href":"http:\/\/integralepito.hu\/index.php\/wp-json\/wp\/v2\/pages\/69\/revisions"}],"predecessor-version":[{"id":2328,"href":"http:\/\/integralepito.hu\/index.php\/wp-json\/wp\/v2\/pages\/69\/revisions\/2328"}],"wp:attachment":[{"href":"http:\/\/integralepito.hu\/index.php\/wp-json\/wp\/v2\/media?parent=69"}],"curies":[{"name":"wp","href":"https:\/\/api.w.org\/{rel}","templated":true}]}}