{"id":1820,"date":"2022-10-29T15:59:53","date_gmt":"2022-10-29T15:59:53","guid":{"rendered":"http:\/\/integralepito.hu\/?page_id=1820"},"modified":"2024-11-03T14:05:04","modified_gmt":"2024-11-03T14:05:04","slug":"2021-2","status":"publish","type":"page","link":"http:\/\/integralepito.hu\/index.php\/2021-2\/","title":{"rendered":"2021"},"content":{"rendered":"\n<figure class=\"wp-block-gallery has-nested-images columns-default is-cropped wp-block-gallery-1 is-layout-flex wp-block-gallery-is-layout-flex\">\n<figure data-wp-context=\"{&quot;imageId&quot;:&quot;69f43fed59ff3&quot;}\" data-wp-interactive=\"core\/image\" data-wp-key=\"69f43fed59ff3\" class=\"wp-block-image size-large wp-lightbox-container\"><img fetchpriority=\"high\" decoding=\"async\" width=\"1024\" height=\"576\" data-wp-class--hide=\"state.isContentHidden\" data-wp-class--show=\"state.isContentVisible\" data-wp-init=\"callbacks.setButtonStyles\" data-wp-on--click=\"actions.showLightbox\" data-wp-on--load=\"callbacks.setButtonStyles\" data-wp-on-window--resize=\"callbacks.setButtonStyles\" data-id=\"1821\" src=\"http:\/\/integralepito.hu\/wp-content\/uploads\/2022\/10\/123Szarvasl\u0151t\u00e9r3-1024x576.jpg\" alt=\"\" class=\"wp-image-1821\" srcset=\"http:\/\/integralepito.hu\/wp-content\/uploads\/2022\/10\/123Szarvasl\u0151t\u00e9r3-1024x576.jpg 1024w, http:\/\/integralepito.hu\/wp-content\/uploads\/2022\/10\/123Szarvasl\u0151t\u00e9r3-300x169.jpg 300w, http:\/\/integralepito.hu\/wp-content\/uploads\/2022\/10\/123Szarvasl\u0151t\u00e9r3-768x432.jpg 768w, http:\/\/integralepito.hu\/wp-content\/uploads\/2022\/10\/123Szarvasl\u0151t\u00e9r3.jpg 1920w\" sizes=\"(max-width: 1024px) 100vw, 1024px\" \/><button\n\t\t\tclass=\"lightbox-trigger\"\n\t\t\ttype=\"button\"\n\t\t\taria-haspopup=\"dialog\"\n\t\t\taria-label=\"Nagy\u00edt\u00e1s\"\n\t\t\tdata-wp-init=\"callbacks.initTriggerButton\"\n\t\t\tdata-wp-on--click=\"actions.showLightbox\"\n\t\t\tdata-wp-style--right=\"state.imageButtonRight\"\n\t\t\tdata-wp-style--top=\"state.imageButtonTop\"\n\t\t>\n\t\t\t<svg xmlns=\"http:\/\/www.w3.org\/2000\/svg\" width=\"12\" height=\"12\" fill=\"none\" viewBox=\"0 0 12 12\">\n\t\t\t\t<path fill=\"#fff\" d=\"M2 0a2 2 0 0 0-2 2v2h1.5V2a.5.5 0 0 1 .5-.5h2V0H2Zm2 10.5H2a.5.5 0 0 1-.5-.5V8H0v2a2 2 0 0 0 2 2h2v-1.5ZM8 12v-1.5h2a.5.5 0 0 0 .5-.5V8H12v2a2 2 0 0 1-2 2H8Zm2-12a2 2 0 0 1 2 2v2h-1.5V2a.5.5 0 0 0-.5-.5H8V0h2Z\" \/>\n\t\t\t<\/svg>\n\t\t<\/button><figcaption class=\"wp-element-caption\"><br><br><\/figcaption><\/figure>\n\n\n\n<figure data-wp-context=\"{&quot;imageId&quot;:&quot;69f43fed5a3c9&quot;}\" data-wp-interactive=\"core\/image\" data-wp-key=\"69f43fed5a3c9\" class=\"wp-block-image size-large wp-lightbox-container\"><img decoding=\"async\" width=\"1024\" height=\"768\" data-wp-class--hide=\"state.isContentHidden\" data-wp-class--show=\"state.isContentVisible\" data-wp-init=\"callbacks.setButtonStyles\" data-wp-on--click=\"actions.showLightbox\" data-wp-on--load=\"callbacks.setButtonStyles\" data-wp-on-window--resize=\"callbacks.setButtonStyles\" data-id=\"2215\" src=\"http:\/\/integralepito.hu\/wp-content\/uploads\/2024\/11\/2022-07-01-15.24.37-1024x768.jpg\" alt=\"\" class=\"wp-image-2215\" srcset=\"http:\/\/integralepito.hu\/wp-content\/uploads\/2024\/11\/2022-07-01-15.24.37-1024x768.jpg 1024w, http:\/\/integralepito.hu\/wp-content\/uploads\/2024\/11\/2022-07-01-15.24.37-300x225.jpg 300w, http:\/\/integralepito.hu\/wp-content\/uploads\/2024\/11\/2022-07-01-15.24.37-768x576.jpg 768w, http:\/\/integralepito.hu\/wp-content\/uploads\/2024\/11\/2022-07-01-15.24.37-1536x1152.jpg 1536w, http:\/\/integralepito.hu\/wp-content\/uploads\/2024\/11\/2022-07-01-15.24.37-2048x1536.jpg 2048w\" sizes=\"(max-width: 1024px) 100vw, 1024px\" \/><button\n\t\t\tclass=\"lightbox-trigger\"\n\t\t\ttype=\"button\"\n\t\t\taria-haspopup=\"dialog\"\n\t\t\taria-label=\"Nagy\u00edt\u00e1s\"\n\t\t\tdata-wp-init=\"callbacks.initTriggerButton\"\n\t\t\tdata-wp-on--click=\"actions.showLightbox\"\n\t\t\tdata-wp-style--right=\"state.imageButtonRight\"\n\t\t\tdata-wp-style--top=\"state.imageButtonTop\"\n\t\t>\n\t\t\t<svg xmlns=\"http:\/\/www.w3.org\/2000\/svg\" width=\"12\" height=\"12\" fill=\"none\" viewBox=\"0 0 12 12\">\n\t\t\t\t<path fill=\"#fff\" d=\"M2 0a2 2 0 0 0-2 2v2h1.5V2a.5.5 0 0 1 .5-.5h2V0H2Zm2 10.5H2a.5.5 0 0 1-.5-.5V8H0v2a2 2 0 0 0 2 2h2v-1.5ZM8 12v-1.5h2a.5.5 0 0 0 .5-.5V8H12v2a2 2 0 0 1-2 2H8Zm2-12a2 2 0 0 1 2 2v2h-1.5V2a.5.5 0 0 0-.5-.5H8V0h2Z\" \/>\n\t\t\t<\/svg>\n\t\t<\/button><\/figure>\n<figcaption class=\"blocks-gallery-caption wp-element-caption\"><strong>Szarvas, Honv\u00e9delmi sportk\u00f6zpont \u00e9p\u00edt\u00e9se<\/strong><\/figcaption><\/figure>\n\n\n\n<figure class=\"wp-block-gallery has-nested-images columns-default is-cropped wp-block-gallery-2 is-layout-flex wp-block-gallery-is-layout-flex\">\n<figure data-wp-context=\"{&quot;imageId&quot;:&quot;69f43fed5ad02&quot;}\" data-wp-interactive=\"core\/image\" data-wp-key=\"69f43fed5ad02\" class=\"wp-block-image size-large wp-lightbox-container\"><img decoding=\"async\" width=\"1024\" height=\"768\" data-wp-class--hide=\"state.isContentHidden\" data-wp-class--show=\"state.isContentVisible\" data-wp-init=\"callbacks.setButtonStyles\" data-wp-on--click=\"actions.showLightbox\" data-wp-on--load=\"callbacks.setButtonStyles\" data-wp-on-window--resize=\"callbacks.setButtonStyles\" data-id=\"1940\" src=\"http:\/\/integralepito.hu\/wp-content\/uploads\/2022\/10\/124Szentes-piac-1024x768.jpg\" alt=\"\" class=\"wp-image-1940\" srcset=\"http:\/\/integralepito.hu\/wp-content\/uploads\/2022\/10\/124Szentes-piac-1024x768.jpg 1024w, http:\/\/integralepito.hu\/wp-content\/uploads\/2022\/10\/124Szentes-piac-300x225.jpg 300w, http:\/\/integralepito.hu\/wp-content\/uploads\/2022\/10\/124Szentes-piac-768x576.jpg 768w\" sizes=\"(max-width: 1024px) 100vw, 1024px\" \/><button\n\t\t\tclass=\"lightbox-trigger\"\n\t\t\ttype=\"button\"\n\t\t\taria-haspopup=\"dialog\"\n\t\t\taria-label=\"Nagy\u00edt\u00e1s\"\n\t\t\tdata-wp-init=\"callbacks.initTriggerButton\"\n\t\t\tdata-wp-on--click=\"actions.showLightbox\"\n\t\t\tdata-wp-style--right=\"state.imageButtonRight\"\n\t\t\tdata-wp-style--top=\"state.imageButtonTop\"\n\t\t>\n\t\t\t<svg xmlns=\"http:\/\/www.w3.org\/2000\/svg\" width=\"12\" height=\"12\" fill=\"none\" viewBox=\"0 0 12 12\">\n\t\t\t\t<path fill=\"#fff\" d=\"M2 0a2 2 0 0 0-2 2v2h1.5V2a.5.5 0 0 1 .5-.5h2V0H2Zm2 10.5H2a.5.5 0 0 1-.5-.5V8H0v2a2 2 0 0 0 2 2h2v-1.5ZM8 12v-1.5h2a.5.5 0 0 0 .5-.5V8H12v2a2 2 0 0 1-2 2H8Zm2-12a2 2 0 0 1 2 2v2h-1.5V2a.5.5 0 0 0-.5-.5H8V0h2Z\" \/>\n\t\t\t<\/svg>\n\t\t<\/button><\/figure>\n\n\n\n<figure class=\"wp-block-image size-large\"><img loading=\"lazy\" decoding=\"async\" width=\"1024\" height=\"768\" data-id=\"2220\" src=\"http:\/\/integralepito.hu\/wp-content\/uploads\/2024\/11\/Szentespiac-2-1024x768.jpg\" alt=\"\" class=\"wp-image-2220\" srcset=\"http:\/\/integralepito.hu\/wp-content\/uploads\/2024\/11\/Szentespiac-2-1024x768.jpg 1024w, http:\/\/integralepito.hu\/wp-content\/uploads\/2024\/11\/Szentespiac-2-300x225.jpg 300w, http:\/\/integralepito.hu\/wp-content\/uploads\/2024\/11\/Szentespiac-2-768x576.jpg 768w, http:\/\/integralepito.hu\/wp-content\/uploads\/2024\/11\/Szentespiac-2-1536x1152.jpg 1536w, http:\/\/integralepito.hu\/wp-content\/uploads\/2024\/11\/Szentespiac-2-2048x1536.jpg 2048w\" sizes=\"(max-width: 1024px) 100vw, 1024px\" \/><\/figure>\n<figcaption class=\"blocks-gallery-caption wp-element-caption\"><strong>Szentes V\u00e1rosi piaccsarnok<\/strong><\/figcaption><\/figure>\n\n\n\n<figure data-wp-context=\"{&quot;imageId&quot;:&quot;69f43fed5b169&quot;}\" data-wp-interactive=\"core\/image\" data-wp-key=\"69f43fed5b169\" class=\"wp-block-image wp-lightbox-container\"><img loading=\"lazy\" decoding=\"async\" width=\"768\" height=\"1024\" data-wp-class--hide=\"state.isContentHidden\" data-wp-class--show=\"state.isContentVisible\" data-wp-init=\"callbacks.setButtonStyles\" data-wp-on--click=\"actions.showLightbox\" data-wp-on--load=\"callbacks.setButtonStyles\" data-wp-on-window--resize=\"callbacks.setButtonStyles\" src=\"http:\/\/integralepito.hu\/wp-content\/uploads\/2022\/11\/Nagysz\u00e9n\u00e1s2022-e1667326007880-768x1024.jpg\" alt=\"\" class=\"wp-image-1954\" srcset=\"http:\/\/integralepito.hu\/wp-content\/uploads\/2022\/11\/Nagysz\u00e9n\u00e1s2022-e1667326007880-768x1024.jpg 768w, http:\/\/integralepito.hu\/wp-content\/uploads\/2022\/11\/Nagysz\u00e9n\u00e1s2022-e1667326007880-225x300.jpg 225w\" sizes=\"(max-width: 768px) 100vw, 768px\" \/><button\n\t\t\tclass=\"lightbox-trigger\"\n\t\t\ttype=\"button\"\n\t\t\taria-haspopup=\"dialog\"\n\t\t\taria-label=\"Nagy\u00edt\u00e1s\"\n\t\t\tdata-wp-init=\"callbacks.initTriggerButton\"\n\t\t\tdata-wp-on--click=\"actions.showLightbox\"\n\t\t\tdata-wp-style--right=\"state.imageButtonRight\"\n\t\t\tdata-wp-style--top=\"state.imageButtonTop\"\n\t\t>\n\t\t\t<svg xmlns=\"http:\/\/www.w3.org\/2000\/svg\" width=\"12\" height=\"12\" fill=\"none\" viewBox=\"0 0 12 12\">\n\t\t\t\t<path fill=\"#fff\" d=\"M2 0a2 2 0 0 0-2 2v2h1.5V2a.5.5 0 0 1 .5-.5h2V0H2Zm2 10.5H2a.5.5 0 0 1-.5-.5V8H0v2a2 2 0 0 0 2 2h2v-1.5ZM8 12v-1.5h2a.5.5 0 0 0 .5-.5V8H12v2a2 2 0 0 1-2 2H8Zm2-12a2 2 0 0 1 2 2v2h-1.5V2a.5.5 0 0 0-.5-.5H8V0h2Z\" \/>\n\t\t\t<\/svg>\n\t\t<\/button><figcaption class=\"wp-element-caption\">                                                                <strong>Nagysz\u00e9n\u00e1s Szoci\u00e1lis otthon fel\u00faj\u00edt\u00e1sa<\/strong><\/figcaption><\/figure>\n\n\n\n<figure class=\"wp-block-gallery has-nested-images columns-default is-cropped wp-block-gallery-3 is-layout-flex wp-block-gallery-is-layout-flex\"><div class=\"wp-block-image\">\n<figure data-wp-context=\"{&quot;imageId&quot;:&quot;69f43fed5b48f&quot;}\" data-wp-interactive=\"core\/image\" data-wp-key=\"69f43fed5b48f\" class=\"aligncenter size-large wp-lightbox-container\"><img loading=\"lazy\" decoding=\"async\" width=\"768\" height=\"1024\" data-wp-class--hide=\"state.isContentHidden\" data-wp-class--show=\"state.isContentVisible\" data-wp-init=\"callbacks.setButtonStyles\" data-wp-on--click=\"actions.showLightbox\" data-wp-on--load=\"callbacks.setButtonStyles\" data-wp-on-window--resize=\"callbacks.setButtonStyles\" data-id=\"1951\" src=\"http:\/\/integralepito.hu\/wp-content\/uploads\/2022\/11\/D\u00e9vav\u00e1nya2021-2-e1667326103702-768x1024.jpg\" alt=\"\" class=\"wp-image-1951\" srcset=\"http:\/\/integralepito.hu\/wp-content\/uploads\/2022\/11\/D\u00e9vav\u00e1nya2021-2-e1667326103702-768x1024.jpg 768w, http:\/\/integralepito.hu\/wp-content\/uploads\/2022\/11\/D\u00e9vav\u00e1nya2021-2-e1667326103702-225x300.jpg 225w\" sizes=\"(max-width: 768px) 100vw, 768px\" \/><button\n\t\t\tclass=\"lightbox-trigger\"\n\t\t\ttype=\"button\"\n\t\t\taria-haspopup=\"dialog\"\n\t\t\taria-label=\"Nagy\u00edt\u00e1s\"\n\t\t\tdata-wp-init=\"callbacks.initTriggerButton\"\n\t\t\tdata-wp-on--click=\"actions.showLightbox\"\n\t\t\tdata-wp-style--right=\"state.imageButtonRight\"\n\t\t\tdata-wp-style--top=\"state.imageButtonTop\"\n\t\t>\n\t\t\t<svg xmlns=\"http:\/\/www.w3.org\/2000\/svg\" width=\"12\" height=\"12\" fill=\"none\" viewBox=\"0 0 12 12\">\n\t\t\t\t<path fill=\"#fff\" d=\"M2 0a2 2 0 0 0-2 2v2h1.5V2a.5.5 0 0 1 .5-.5h2V0H2Zm2 10.5H2a.5.5 0 0 1-.5-.5V8H0v2a2 2 0 0 0 2 2h2v-1.5ZM8 12v-1.5h2a.5.5 0 0 0 .5-.5V8H12v2a2 2 0 0 1-2 2H8Zm2-12a2 2 0 0 1 2 2v2h-1.5V2a.5.5 0 0 0-.5-.5H8V0h2Z\" \/>\n\t\t\t<\/svg>\n\t\t<\/button><\/figure>\n<\/div><\/figure>\n\n\n\n<figure class=\"wp-block-gallery has-nested-images columns-default is-cropped wp-block-gallery-4 is-layout-flex wp-block-gallery-is-layout-flex\"><div class=\"wp-block-image\">\n<figure data-wp-context=\"{&quot;imageId&quot;:&quot;69f43fed5b856&quot;}\" data-wp-interactive=\"core\/image\" data-wp-key=\"69f43fed5b856\" class=\"aligncenter size-large wp-lightbox-container\"><img loading=\"lazy\" decoding=\"async\" width=\"768\" height=\"1024\" data-wp-class--hide=\"state.isContentHidden\" data-wp-class--show=\"state.isContentVisible\" data-wp-init=\"callbacks.setButtonStyles\" data-wp-on--click=\"actions.showLightbox\" data-wp-on--load=\"callbacks.setButtonStyles\" data-wp-on-window--resize=\"callbacks.setButtonStyles\" data-id=\"2196\" src=\"http:\/\/integralepito.hu\/wp-content\/uploads\/2024\/11\/IMG_4686-768x1024.jpg\" alt=\"\" class=\"wp-image-2196\" srcset=\"http:\/\/integralepito.hu\/wp-content\/uploads\/2024\/11\/IMG_4686-768x1024.jpg 768w, http:\/\/integralepito.hu\/wp-content\/uploads\/2024\/11\/IMG_4686-225x300.jpg 225w, http:\/\/integralepito.hu\/wp-content\/uploads\/2024\/11\/IMG_4686-1152x1536.jpg 1152w, http:\/\/integralepito.hu\/wp-content\/uploads\/2024\/11\/IMG_4686-1536x2048.jpg 1536w, http:\/\/integralepito.hu\/wp-content\/uploads\/2024\/11\/IMG_4686-scaled.jpg 1920w\" sizes=\"(max-width: 768px) 100vw, 768px\" \/><button\n\t\t\tclass=\"lightbox-trigger\"\n\t\t\ttype=\"button\"\n\t\t\taria-haspopup=\"dialog\"\n\t\t\taria-label=\"Nagy\u00edt\u00e1s\"\n\t\t\tdata-wp-init=\"callbacks.initTriggerButton\"\n\t\t\tdata-wp-on--click=\"actions.showLightbox\"\n\t\t\tdata-wp-style--right=\"state.imageButtonRight\"\n\t\t\tdata-wp-style--top=\"state.imageButtonTop\"\n\t\t>\n\t\t\t<svg xmlns=\"http:\/\/www.w3.org\/2000\/svg\" width=\"12\" height=\"12\" fill=\"none\" viewBox=\"0 0 12 12\">\n\t\t\t\t<path fill=\"#fff\" d=\"M2 0a2 2 0 0 0-2 2v2h1.5V2a.5.5 0 0 1 .5-.5h2V0H2Zm2 10.5H2a.5.5 0 0 1-.5-.5V8H0v2a2 2 0 0 0 2 2h2v-1.5ZM8 12v-1.5h2a.5.5 0 0 0 .5-.5V8H12v2a2 2 0 0 1-2 2H8Zm2-12a2 2 0 0 1 2 2v2h-1.5V2a.5.5 0 0 0-.5-.5H8V0h2Z\" \/>\n\t\t\t<\/svg>\n\t\t<\/button><\/figure>\n<\/div><figcaption class=\"blocks-gallery-caption wp-element-caption\"><strong>Szarvas-B\u00e9k\u00e9sszentandr\u00e1s Arbor\u00e9tum ker\u00e9kp\u00e1r\u00fat \u00e9p\u00edt\u00e9s<\/strong><\/figcaption><\/figure>\n\n\n\n<figure class=\"wp-block-gallery has-nested-images columns-default is-cropped wp-block-gallery-5 is-layout-flex wp-block-gallery-is-layout-flex\">\n<figure data-wp-context=\"{&quot;imageId&quot;:&quot;69f43fed5bc15&quot;}\" data-wp-interactive=\"core\/image\" data-wp-key=\"69f43fed5bc15\" class=\"wp-block-image size-large wp-lightbox-container\"><img loading=\"lazy\" decoding=\"async\" width=\"1024\" height=\"768\" data-wp-class--hide=\"state.isContentHidden\" data-wp-class--show=\"state.isContentVisible\" data-wp-init=\"callbacks.setButtonStyles\" data-wp-on--click=\"actions.showLightbox\" data-wp-on--load=\"callbacks.setButtonStyles\" data-wp-on-window--resize=\"callbacks.setButtonStyles\" data-id=\"2211\" src=\"http:\/\/integralepito.hu\/wp-content\/uploads\/2024\/11\/IMG_4687-1024x768.jpg\" alt=\"\" class=\"wp-image-2211\" srcset=\"http:\/\/integralepito.hu\/wp-content\/uploads\/2024\/11\/IMG_4687-1024x768.jpg 1024w, http:\/\/integralepito.hu\/wp-content\/uploads\/2024\/11\/IMG_4687-300x225.jpg 300w, http:\/\/integralepito.hu\/wp-content\/uploads\/2024\/11\/IMG_4687-768x576.jpg 768w, http:\/\/integralepito.hu\/wp-content\/uploads\/2024\/11\/IMG_4687-1536x1152.jpg 1536w, http:\/\/integralepito.hu\/wp-content\/uploads\/2024\/11\/IMG_4687-2048x1536.jpg 2048w\" sizes=\"(max-width: 1024px) 100vw, 1024px\" \/><button\n\t\t\tclass=\"lightbox-trigger\"\n\t\t\ttype=\"button\"\n\t\t\taria-haspopup=\"dialog\"\n\t\t\taria-label=\"Nagy\u00edt\u00e1s\"\n\t\t\tdata-wp-init=\"callbacks.initTriggerButton\"\n\t\t\tdata-wp-on--click=\"actions.showLightbox\"\n\t\t\tdata-wp-style--right=\"state.imageButtonRight\"\n\t\t\tdata-wp-style--top=\"state.imageButtonTop\"\n\t\t>\n\t\t\t<svg xmlns=\"http:\/\/www.w3.org\/2000\/svg\" width=\"12\" height=\"12\" fill=\"none\" viewBox=\"0 0 12 12\">\n\t\t\t\t<path fill=\"#fff\" d=\"M2 0a2 2 0 0 0-2 2v2h1.5V2a.5.5 0 0 1 .5-.5h2V0H2Zm2 10.5H2a.5.5 0 0 1-.5-.5V8H0v2a2 2 0 0 0 2 2h2v-1.5ZM8 12v-1.5h2a.5.5 0 0 0 .5-.5V8H12v2a2 2 0 0 1-2 2H8Zm2-12a2 2 0 0 1 2 2v2h-1.5V2a.5.5 0 0 0-.5-.5H8V0h2Z\" \/>\n\t\t\t<\/svg>\n\t\t<\/button><\/figure>\n\n\n\n<figure data-wp-context=\"{&quot;imageId&quot;:&quot;69f43fed5beb8&quot;}\" data-wp-interactive=\"core\/image\" data-wp-key=\"69f43fed5beb8\" class=\"wp-block-image size-large wp-lightbox-container\"><img loading=\"lazy\" decoding=\"async\" width=\"1024\" height=\"768\" data-wp-class--hide=\"state.isContentHidden\" data-wp-class--show=\"state.isContentVisible\" data-wp-init=\"callbacks.setButtonStyles\" data-wp-on--click=\"actions.showLightbox\" data-wp-on--load=\"callbacks.setButtonStyles\" data-wp-on-window--resize=\"callbacks.setButtonStyles\" data-id=\"2212\" src=\"http:\/\/integralepito.hu\/wp-content\/uploads\/2024\/11\/IMG_4689-1024x768.jpg\" alt=\"\" class=\"wp-image-2212\" srcset=\"http:\/\/integralepito.hu\/wp-content\/uploads\/2024\/11\/IMG_4689-1024x768.jpg 1024w, http:\/\/integralepito.hu\/wp-content\/uploads\/2024\/11\/IMG_4689-300x225.jpg 300w, http:\/\/integralepito.hu\/wp-content\/uploads\/2024\/11\/IMG_4689-768x576.jpg 768w, http:\/\/integralepito.hu\/wp-content\/uploads\/2024\/11\/IMG_4689-1536x1152.jpg 1536w, http:\/\/integralepito.hu\/wp-content\/uploads\/2024\/11\/IMG_4689-2048x1536.jpg 2048w\" sizes=\"(max-width: 1024px) 100vw, 1024px\" \/><button\n\t\t\tclass=\"lightbox-trigger\"\n\t\t\ttype=\"button\"\n\t\t\taria-haspopup=\"dialog\"\n\t\t\taria-label=\"Nagy\u00edt\u00e1s\"\n\t\t\tdata-wp-init=\"callbacks.initTriggerButton\"\n\t\t\tdata-wp-on--click=\"actions.showLightbox\"\n\t\t\tdata-wp-style--right=\"state.imageButtonRight\"\n\t\t\tdata-wp-style--top=\"state.imageButtonTop\"\n\t\t>\n\t\t\t<svg xmlns=\"http:\/\/www.w3.org\/2000\/svg\" width=\"12\" height=\"12\" fill=\"none\" viewBox=\"0 0 12 12\">\n\t\t\t\t<path fill=\"#fff\" d=\"M2 0a2 2 0 0 0-2 2v2h1.5V2a.5.5 0 0 1 .5-.5h2V0H2Zm2 10.5H2a.5.5 0 0 1-.5-.5V8H0v2a2 2 0 0 0 2 2h2v-1.5ZM8 12v-1.5h2a.5.5 0 0 0 .5-.5V8H12v2a2 2 0 0 1-2 2H8Zm2-12a2 2 0 0 1 2 2v2h-1.5V2a.5.5 0 0 0-.5-.5H8V0h2Z\" \/>\n\t\t\t<\/svg>\n\t\t<\/button><\/figure>\n<figcaption class=\"blocks-gallery-caption wp-element-caption\"><strong>Szarvasi Fc vend\u00e9glel\u00e1t\u00f3 \u00e9p\u00edt\u00e9se<\/strong><\/figcaption><\/figure>\n","protected":false},"excerpt":{"rendered":"","protected":false},"author":1,"featured_media":0,"parent":0,"menu_order":0,"comment_status":"closed","ping_status":"closed","template":"","meta":{"footnotes":""},"class_list":["post-1820","page","type-page","status-publish","hentry"],"_links":{"self":[{"href":"http:\/\/integralepito.hu\/index.php\/wp-json\/wp\/v2\/pages\/1820","targetHints":{"allow":["GET"]}}],"collection":[{"href":"http:\/\/integralepito.hu\/index.php\/wp-json\/wp\/v2\/pages"}],"about":[{"href":"http:\/\/integralepito.hu\/index.php\/wp-json\/wp\/v2\/types\/page"}],"author":[{"embeddable":true,"href":"http:\/\/integralepito.hu\/index.php\/wp-json\/wp\/v2\/users\/1"}],"replies":[{"embeddable":true,"href":"http:\/\/integralepito.hu\/index.php\/wp-json\/wp\/v2\/comments?post=1820"}],"version-history":[{"count":12,"href":"http:\/\/integralepito.hu\/index.php\/wp-json\/wp\/v2\/pages\/1820\/revisions"}],"predecessor-version":[{"id":2222,"href":"http:\/\/integralepito.hu\/index.php\/wp-json\/wp\/v2\/pages\/1820\/revisions\/2222"}],"wp:attachment":[{"href":"http:\/\/integralepito.hu\/index.php\/wp-json\/wp\/v2\/media?parent=1820"}],"curies":[{"name":"wp","href":"https:\/\/api.w.org\/{rel}","templated":true}]}}