{"id":1403,"date":"2019-02-14T21:41:49","date_gmt":"2019-02-14T21:41:49","guid":{"rendered":"http:\/\/integralepito.web2.vhost.hu\/?page_id=1403"},"modified":"2019-02-14T21:54:23","modified_gmt":"2019-02-14T21:54:23","slug":"2003-2","status":"publish","type":"page","link":"http:\/\/integralepito.hu\/index.php\/referenciak\/2003-2\/","title":{"rendered":"2003"},"content":{"rendered":"\n<figure class=\"wp-block-image\"><a href=\"http:\/\/integralepito.web2.vhost.hu\/wp-content\/uploads\/2019\/02\/22-1.jpg\"><img fetchpriority=\"high\" decoding=\"async\" width=\"640\" height=\"356\" src=\"http:\/\/integralepito.web2.vhost.hu\/wp-content\/uploads\/2019\/02\/22-1.jpg\" alt=\"\" class=\"wp-image-1412\" srcset=\"http:\/\/integralepito.hu\/wp-content\/uploads\/2019\/02\/22-1.jpg 640w, http:\/\/integralepito.hu\/wp-content\/uploads\/2019\/02\/22-1-300x167.jpg 300w, http:\/\/integralepito.hu\/wp-content\/uploads\/2019\/02\/22-1-540x300.jpg 540w\" sizes=\"(max-width: 640px) 100vw, 640px\" \/><\/a><figcaption><strong>Szlov\u00e1k Iskola, \u00d3voda \u00e9s Di\u00e1kotthon \u00e9p\u00edt\u00e9se<\/strong><\/figcaption><\/figure>\n\n\n\n<figure class=\"wp-block-image\"><a href=\"http:\/\/integralepito.web2.vhost.hu\/wp-content\/uploads\/2019\/02\/szlovak-suli.jpg\"><img decoding=\"async\" width=\"1024\" height=\"557\" src=\"http:\/\/integralepito.web2.vhost.hu\/wp-content\/uploads\/2019\/02\/szlovak-suli-1024x557.jpg\" alt=\"\" class=\"wp-image-1428\" srcset=\"http:\/\/integralepito.hu\/wp-content\/uploads\/2019\/02\/szlovak-suli.jpg 1024w, http:\/\/integralepito.hu\/wp-content\/uploads\/2019\/02\/szlovak-suli-300x163.jpg 300w, http:\/\/integralepito.hu\/wp-content\/uploads\/2019\/02\/szlovak-suli-768x418.jpg 768w\" sizes=\"(max-width: 1024px) 100vw, 1024px\" \/><\/a><figcaption> <br><strong>Szlov\u00e1k Iskola, \u00d3voda \u00e9s Di\u00e1kotthon \u00e9p\u00edt\u00e9se<\/strong> <\/figcaption><\/figure>\n\n\n\n<figure class=\"wp-block-image\"><a href=\"http:\/\/integralepito.web2.vhost.hu\/wp-content\/uploads\/2019\/02\/23.jpg\"><img decoding=\"async\" width=\"640\" height=\"480\" src=\"http:\/\/integralepito.web2.vhost.hu\/wp-content\/uploads\/2019\/02\/23.jpg\" alt=\"\" class=\"wp-image-1430\" srcset=\"http:\/\/integralepito.hu\/wp-content\/uploads\/2019\/02\/23.jpg 640w, http:\/\/integralepito.hu\/wp-content\/uploads\/2019\/02\/23-300x225.jpg 300w\" sizes=\"(max-width: 640px) 100vw, 640px\" \/><\/a><figcaption> <br><strong>Szlov\u00e1k Iskola, \u00d3voda \u00e9s Di\u00e1kotthon \u00e9p\u00edt\u00e9se<\/strong> <\/figcaption><\/figure>\n\n\n\n<figure class=\"wp-block-image\"><a href=\"http:\/\/integralepito.web2.vhost.hu\/wp-content\/uploads\/2019\/02\/24.jpg\"><img loading=\"lazy\" decoding=\"async\" width=\"640\" height=\"480\" src=\"http:\/\/integralepito.web2.vhost.hu\/wp-content\/uploads\/2019\/02\/24.jpg\" alt=\"\" class=\"wp-image-1415\" srcset=\"http:\/\/integralepito.hu\/wp-content\/uploads\/2019\/02\/24.jpg 640w, http:\/\/integralepito.hu\/wp-content\/uploads\/2019\/02\/24-300x225.jpg 300w\" sizes=\"(max-width: 640px) 100vw, 640px\" \/><\/a><figcaption><strong>Vajda P\u00e9ter Gimn\u00e1zium b\u0151v\u00edt\u00e9ses rekonstrukci\u00f3ja<\/strong><\/figcaption><\/figure>\n\n\n\n<figure class=\"wp-block-image\"><a href=\"http:\/\/integralepito.web2.vhost.hu\/wp-content\/uploads\/2019\/02\/szakmunkaskepzo-vajda-20.jpg\"><img loading=\"lazy\" decoding=\"async\" width=\"1024\" height=\"508\" src=\"http:\/\/integralepito.web2.vhost.hu\/wp-content\/uploads\/2019\/02\/szakmunkaskepzo-vajda-20-1024x508.jpg\" alt=\"\" class=\"wp-image-1419\" srcset=\"http:\/\/integralepito.hu\/wp-content\/uploads\/2019\/02\/szakmunkaskepzo-vajda-20.jpg 1024w, http:\/\/integralepito.hu\/wp-content\/uploads\/2019\/02\/szakmunkaskepzo-vajda-20-300x149.jpg 300w, http:\/\/integralepito.hu\/wp-content\/uploads\/2019\/02\/szakmunkaskepzo-vajda-20-768x381.jpg 768w\" sizes=\"(max-width: 1024px) 100vw, 1024px\" \/><\/a><figcaption><strong>Vajda P\u00e9ter Gimn\u00e1zium b\u0151v\u00edt\u00e9ses rekonstrukci\u00f3ja<\/strong><\/figcaption><\/figure>\n\n\n\n<figure class=\"wp-block-image\"><a href=\"http:\/\/integralepito.web2.vhost.hu\/wp-content\/uploads\/2019\/02\/R\u00f3zsaferenc.jpg\"><img loading=\"lazy\" decoding=\"async\" width=\"1024\" height=\"694\" src=\"http:\/\/integralepito.web2.vhost.hu\/wp-content\/uploads\/2019\/02\/R\u00f3zsaferenc-1024x694.jpg\" alt=\"\" class=\"wp-image-1421\" srcset=\"http:\/\/integralepito.hu\/wp-content\/uploads\/2019\/02\/R\u00f3zsaferenc-1024x694.jpg 1024w, http:\/\/integralepito.hu\/wp-content\/uploads\/2019\/02\/R\u00f3zsaferenc-300x203.jpg 300w, http:\/\/integralepito.hu\/wp-content\/uploads\/2019\/02\/R\u00f3zsaferenc-768x521.jpg 768w, http:\/\/integralepito.hu\/wp-content\/uploads\/2019\/02\/R\u00f3zsaferenc.jpg 1593w\" sizes=\"(max-width: 1024px) 100vw, 1024px\" \/><\/a><figcaption><strong>R\u00f3zsa Ferenc utcai 20 lak\u00e1s \u00e9p\u00edt\u00e9se<\/strong><\/figcaption><\/figure>\n\n\n\n<figure class=\"wp-block-image is-resized\"><a href=\"http:\/\/integralepito.web2.vhost.hu\/wp-content\/uploads\/2019\/02\/25.jpg\"><img loading=\"lazy\" decoding=\"async\" src=\"http:\/\/integralepito.web2.vhost.hu\/wp-content\/uploads\/2019\/02\/25.jpg\" alt=\"\" class=\"wp-image-1425\" width=\"587\" height=\"323\" srcset=\"http:\/\/integralepito.hu\/wp-content\/uploads\/2019\/02\/25.jpg 640w, http:\/\/integralepito.hu\/wp-content\/uploads\/2019\/02\/25-300x165.jpg 300w\" sizes=\"(max-width: 587px) 100vw, 587px\" \/><\/a><figcaption><strong>Zr\u00ednyi utcai 16 lak\u00e1s<\/strong><\/figcaption><\/figure>\n","protected":false},"excerpt":{"rendered":"","protected":false},"author":1,"featured_media":0,"parent":27,"menu_order":0,"comment_status":"closed","ping_status":"closed","template":"","meta":{"footnotes":""},"class_list":["post-1403","page","type-page","status-publish","hentry"],"_links":{"self":[{"href":"http:\/\/integralepito.hu\/index.php\/wp-json\/wp\/v2\/pages\/1403","targetHints":{"allow":["GET"]}}],"collection":[{"href":"http:\/\/integralepito.hu\/index.php\/wp-json\/wp\/v2\/pages"}],"about":[{"href":"http:\/\/integralepito.hu\/index.php\/wp-json\/wp\/v2\/types\/page"}],"author":[{"embeddable":true,"href":"http:\/\/integralepito.hu\/index.php\/wp-json\/wp\/v2\/users\/1"}],"replies":[{"embeddable":true,"href":"http:\/\/integralepito.hu\/index.php\/wp-json\/wp\/v2\/comments?post=1403"}],"version-history":[{"count":9,"href":"http:\/\/integralepito.hu\/index.php\/wp-json\/wp\/v2\/pages\/1403\/revisions"}],"predecessor-version":[{"id":1649,"href":"http:\/\/integralepito.hu\/index.php\/wp-json\/wp\/v2\/pages\/1403\/revisions\/1649"}],"up":[{"embeddable":true,"href":"http:\/\/integralepito.hu\/index.php\/wp-json\/wp\/v2\/pages\/27"}],"wp:attachment":[{"href":"http:\/\/integralepito.hu\/index.php\/wp-json\/wp\/v2\/media?parent=1403"}],"curies":[{"name":"wp","href":"https:\/\/api.w.org\/{rel}","templated":true}]}}